{"id":2718,"date":"2026-02-18T15:13:10","date_gmt":"2026-02-18T15:13:10","guid":{"rendered":"http:\/\/lehre.thomasmichl.de\/?page_id=2718"},"modified":"2026-03-12T14:30:56","modified_gmt":"2026-03-12T14:30:56","slug":"diskriminierungskritische-unterrichtssequenzen-fuer-den-kunstunterricht","status":"publish","type":"page","link":"http:\/\/lehre.thomasmichl.de\/?page_id=2718","title":{"rendered":"Diskriminierungskritische Unterrichtssequenzen f\u00fcr den Kunstunterricht"},"content":{"rendered":"\n<p><strong>Allgemeine Informationen zum Seminar<\/strong><\/p>\n\n\n\n<p>St\u00f6ren &#8211; Unterbrechen &#8211; Verlernen \/\/&nbsp;Diskriminierungskritische Unterrichtssequenzen f\u00fcr Schule und Kunstunterricht<\/p>\n\n\n\n<p>Ausgangspunkt des Seminars ist die Erkenntnis, &#8222;dass kunstp\u00e4dagogische Methoden und Inhalte historisch gewachsene Wertehierarchien reproduzieren, die auf kolonialen, patriarchalen und kapitalistischen Strukturen basieren&#8220;, wie Carmen M\u00f6rsch (Kunsthochschule Mainz) treffend feststellt.<\/p>\n\n\n\n<p>Anschlie\u00dfend an diese Tatsache werden wir uns einen \u00dcberblick \u00fcber verschiedene diskriminierungskritische Perspektiven verschaffen und versuchen, konkrete Unterrichtssequenzen f\u00fcr unterschiedliche Klassenstufen zu konzipieren, die einen diskriminierungskritischen und -sensiblen Umgang im Kunstunterricht fokussieren und zum Thema haben. Es ist zudem vorgesehen, die ausgearbeiteten Projekte im Kunstunterricht direkt mit Sch\u00fcler:innen auf ihre Umsetzung und Wirksamkeit hin zu untersuchen.<\/p>\n\n\n\n<p>Eine weitere Zielsetzung ist, die Unterrichtssequenzen in die Plattform &#8222;kritilab&#8220; einzubinden. Kritilab versteht sich als Ideenpool f\u00fcr Unterrichtseinheiten und diskiminierungskritisches Labor an der Schnittstelle von Kunst, Bildung und Unterricht und ist an der AdBK M\u00fcnchen verortet (<a href=\"https:\/\/kritilab.adbk-muenchen.de\/\">https:\/\/kritilab.adbk-muenchen.de\/<\/a>).\u00a0<\/p>\n\n\n\n<p>Alle Texte und Links finden sich im passwortgesch\u00fctzten Bereich. <\/p>\n\n\n\n<p><strong>Studienorganisatorische Hinweise<\/strong><\/p>\n\n\n\n<p>Dieser Kurs ist dem Wahlpflichtbereich Kunstp\u00e4dagogik zugewiesen. Bei regelm\u00e4\u00dfiger Teilnahme gelten 2 ECTS-Punkte, bei zus\u00e4tzlicher Abfassung einer Hausarbeit 3 ECTS-Punkte als erbracht.<\/p>\n","protected":false},"excerpt":{"rendered":"<p>Allgemeine Informationen zum Seminar St\u00f6ren &#8211; Unterbrechen &#8211; Verlernen \/\/&nbsp;Diskriminierungskritische Unterrichtssequenzen f\u00fcr Schule und Kunstunterricht Ausgangspunkt des Seminars ist die Erkenntnis, &#8222;dass kunstp\u00e4dagogische Methoden und Inhalte historisch gewachsene Wertehierarchien reproduzieren, die auf kolonialen, patriarchalen und kapitalistischen Strukturen basieren&#8220;, wie Carmen M\u00f6rsch (Kunsthochschule Mainz) treffend feststellt. Anschlie\u00dfend an diese Tatsache werden wir uns einen \u00dcberblick \u00fcber&hellip;<\/p>\n","protected":false},"author":1,"featured_media":0,"parent":0,"menu_order":0,"comment_status":"closed","ping_status":"closed","template":"","meta":{"footnotes":""},"_links":{"self":[{"href":"http:\/\/lehre.thomasmichl.de\/index.php?rest_route=\/wp\/v2\/pages\/2718"}],"collection":[{"href":"http:\/\/lehre.thomasmichl.de\/index.php?rest_route=\/wp\/v2\/pages"}],"about":[{"href":"http:\/\/lehre.thomasmichl.de\/index.php?rest_route=\/wp\/v2\/types\/page"}],"author":[{"embeddable":true,"href":"http:\/\/lehre.thomasmichl.de\/index.php?rest_route=\/wp\/v2\/users\/1"}],"replies":[{"embeddable":true,"href":"http:\/\/lehre.thomasmichl.de\/index.php?rest_route=%2Fwp%2Fv2%2Fcomments&post=2718"}],"version-history":[{"count":5,"href":"http:\/\/lehre.thomasmichl.de\/index.php?rest_route=\/wp\/v2\/pages\/2718\/revisions"}],"predecessor-version":[{"id":2761,"href":"http:\/\/lehre.thomasmichl.de\/index.php?rest_route=\/wp\/v2\/pages\/2718\/revisions\/2761"}],"wp:attachment":[{"href":"http:\/\/lehre.thomasmichl.de\/index.php?rest_route=%2Fwp%2Fv2%2Fmedia&parent=2718"}],"curies":[{"name":"wp","href":"https:\/\/api.w.org\/{rel}","templated":true}]}}

Diskriminierungskritische Unterrichtssequenzen für den Kunstunterricht

<p><strong>Allgemeine Informationen zum Seminar</strong></p>



<p>Stören &#8211; Unterbrechen &#8211; Verlernen //&nbsp;Diskriminierungskritische Unterrichtssequenzen für Schule und Kunstunterricht</p>



<p>Ausgangspunkt des Seminars ist die Erkenntnis, &#8222;dass kunstpädagogische Methoden und Inhalte historisch gewachsene Wertehierarchien reproduzieren, die auf kolonialen, patriarchalen und kapitalistischen Strukturen basieren&#8220;, wie Carmen Mörsch (Kunsthochschule Mainz) treffend feststellt.</p>



<p>Anschließend an diese Tatsache werden wir uns einen Überblick über verschiedene diskriminierungskritische Perspektiven verschaffen und versuchen, konkrete Unterrichtssequenzen für unterschiedliche Klassenstufen zu konzipieren, die einen diskriminierungskritischen und -sensiblen Umgang im Kunstunterricht fokussieren und zum Thema haben. Es ist zudem vorgesehen, die ausgearbeiteten Projekte im Kunstunterricht direkt mit Schüler:innen auf ihre Umsetzung und Wirksamkeit hin zu untersuchen.</p>



<p>Eine weitere Zielsetzung ist, die Unterrichtssequenzen in die Plattform &#8222;kritilab&#8220; einzubinden. Kritilab versteht sich als Ideenpool für Unterrichtseinheiten und diskiminierungskritisches Labor an der Schnittstelle von Kunst, Bildung und Unterricht und ist an der AdBK München verortet (<a href="https://kritilab.adbk-muenchen.de/">https://kritilab.adbk-muenchen.de/</a>). </p>



<p>Alle Texte und Links finden sich im passwortgeschützten Bereich. </p>



<p><strong>Studienorganisatorische Hinweise</strong></p>



<p>Dieser Kurs ist dem Wahlpflichtbereich Kunstpädagogik zugewiesen. Bei regelmäßiger Teilnahme gelten 2 ECTS-Punkte, bei zusätzlicher Abfassung einer Hausarbeit 3 ECTS-Punkte als erbracht.</p>

<p>Allgemeine Informationen zum Seminar Stören &#8211; Unterbrechen &#8211; Verlernen //&nbsp;Diskriminierungskritische Unterrichtssequenzen für Schule und Kunstunterricht Ausgangspunkt des Seminars ist die Erkenntnis, &#8222;dass kunstpädagogische Methoden und Inhalte historisch gewachsene Wertehierarchien reproduzieren, die auf kolonialen, patriarchalen und kapitalistischen Strukturen basieren&#8220;, wie Carmen Mörsch (Kunsthochschule Mainz) treffend feststellt. Anschließend an diese Tatsache werden wir uns einen Überblick über&hellip;</p>
