{"id":43,"date":"2020-03-27T09:43:39","date_gmt":"2020-03-27T09:43:39","guid":{"rendered":"http:\/\/lehre.thomasmichl.de\/?page_id=43"},"modified":"2026-02-18T14:57:50","modified_gmt":"2026-02-18T14:57:50","slug":"vorbereitung-studienbegl-praktikum","status":"publish","type":"page","link":"http:\/\/lehre.thomasmichl.de\/?page_id=43","title":{"rendered":"Studienbegl. Praktikum (Vorbereitung)"},"content":{"rendered":"\n<p><\/p>\n\n\n\n<p><strong>Allgemeine Informationen zum Seminar<\/strong><\/p>\n\n\n\n<p>Dieses Seminar, das in den g\u00fcltigen Studien- und Pr\u00fcfungsordnungen die Bezeichnungen &#8222;Projektorientierte Unterrichtsplanung&#8220; (SPO 2013) und &#8222;Planung, Methodik und Praxis des Kunstunterrichts&#8220; (SPO 2021) tr\u00e4gt, bereitet auf das sog. Studienbegleitende Praktikum vor, das jeweils im Wintersemester durchgef\u00fchrt wird. Um das Praktikum im Winterhalbjahr ableisten zu k\u00f6nnen, muss eine <a href=\"https:\/\/www.km.bayern.de\/ministerium\/institutionen\/ministerialbeauftragte-gymnasium\/mittelfranken\/praktikumsamt.html\">Anmeldung beim Praktikumsamt Mittelfranken<\/a> bis sp\u00e4testens 15. April des jeweiligen Jahres erfolgen. Es wird empfohlen, dieses Praktikum zwischen dem dritten und dem neunten Semester abzuleisten.   <br>Das Studienbegleitende Praktikum wird in der Regel an mehreren Gymnasien in N\u00fcrnberg und Umgebung durchgef\u00fchrt. Als Praktikumsschulen fungieren zur Zeit das <a href=\"https:\/\/www.labenwolf.de\/start.html\">St\u00e4dtische Labenwolf Gymnasium N\u00fcrnberg<\/a>, das <a href=\"http:\/\/www.sigmund-schuckert-gymnasium.de\/wordpress\/\">Sigmund-Schuckert-Gymnasium<\/a> N\u00fcrnberg-Eibach, das <a href=\"https:\/\/gym-wen.de\/\">Gymnasium Wendelstein<\/a> und das <a href=\"https:\/\/www.weg-schwabach.de\/\">Wolfram-von-Eschenbach-Gymnasium<\/a> Schwabach. <\/p>\n\n\n\n<p>Anders als in den meisten Lehramtsstudieng\u00e4ngen anderer F\u00e4cher steht an der AdBK N\u00fcrnberg das eigene Unterrichten stark im Fokus. Die Studierenden f\u00fchren den zugeteilten Kunstunterricht an der jeweiligen Schule (5. bis 10. Klassen) in Zweierteams von etwa Mitte Oktober bis Mitte Februar (ca. 12 bis 14 Doppelstunden) durch. Der Unterricht kann im Klassenverband, aber auch in thematisch orientierten Projektgruppen durchgef\u00fchrt werden. Einen kleinen Eindruck \u00fcber die entstandenen Projekte der letzten Jahre vermitteln die gro\u00dfen Abschlussausstellungen, die normalerweise im Februar\/M\u00e4rz in den R\u00e4umen der AdBK stattfinden oder online pr\u00e4sentiert werden  (z.B. <a href=\"https:\/\/www.flickr.com\/photos\/187668804@N02\/\">Praktikumsausstellung 2020<\/a> \/\/ <a href=\"http:\/\/praktikum2021.thomasmichl.de\/\">Praktikumsausstellung 2021<\/a>). Weitere Impressionen finden sich im <a href=\"https:\/\/adbk-fachdidaktik.tumblr.com\/\">Fachdidaktik-Blog<\/a>.<\/p>\n\n\n\n<p>Im Vorbereitungsseminar steht f\u00fcr die Studierenden eine fundamentale Frage im Mittelpunkt: <em>Wie k\u00f6nnen k\u00fcnstlerische Praxis (das K\u00fcnstlerische) und der Beruf der Kunstlehrer:in (das P\u00e4dagogische) zusammengebracht werden?<\/em><strong><em> <\/em><\/strong> <br>Der Kurs teilt sich grob in zwei Teile: Im ersten Part werden wichtige Grundlagen f\u00fcr das Unterrichten des Faches gelegt, indem beispielsweise ausgew\u00e4hlte Positionen der Kunstp\u00e4dagogik er\u00f6rtert, Grundeigenschaften und Ph\u00e4nomene des (Kunst-)Unterrichts herausgearbeitet und die Entwicklungspsychologie der Kindheit und des Jugendalters ausschnitthaft beleuchtet werden. Der zweite Teil widmet sich der konkreten Vorbereitung auf den Einsatz vor der Klasse. Neben der inhaltlichen Festlegung der jeweiligen Projektgruppe werden auch einzelne Unterrichtsstunden geplant. Ein eigens daf\u00fcr eingerichtetes Blockseminar gegen Ende der Vorlesungszeit vertieft diese Unterrichtsvorbereitung. <br>Ein flankierendes Thema zu den p\u00e4dagogischen Schwerpunktsetzungen ist stets die Integration der eigenen k\u00fcnstlerischen Arbeit.  <\/p>\n\n\n\n<p><strong>Studienorganisatorische Hinweise<\/strong><\/p>\n\n\n\n<p>Dieses Seminar wird nur jeweils im Sommersemester angeboten. Es ist ein Teilmodul von Fachdidaktik 1. <br>Mit der regelm\u00e4\u00dfigen Teilnahme und der Abfassung einer Hausarbeit, die benotet wird, ist die Pr\u00fcfungsleistung  erbracht. <br><br>Weitere Informationen zu den Schulpraktika insgesamt und zum Studienbegleitenden Praktikum im Speziellen k\u00f6nnen in den <a href=\"https:\/\/www.gesetze-bayern.de\/Content\/Document\/BayLPO_I-34\">Bestimmungen der LPO I<\/a> nachgelesen werden.<\/p>\n\n\n\n<p><a href=\"http:\/\/lehre.thomasmichl.de\/?page_id=188#studienbegleitendes\">Direktlink<\/a> in den passwortgesch\u00fctzten Bereich &#8222;Projektorientierte Unterrichtsplanung&#8220;<\/p>\n","protected":false},"excerpt":{"rendered":"<p>Allgemeine Informationen zum Seminar Dieses Seminar, das in den g\u00fcltigen Studien- und Pr\u00fcfungsordnungen die Bezeichnungen &#8222;Projektorientierte Unterrichtsplanung&#8220; (SPO 2013) und &#8222;Planung, Methodik und Praxis des Kunstunterrichts&#8220; (SPO 2021) tr\u00e4gt, bereitet auf das sog. Studienbegleitende Praktikum vor, das jeweils im Wintersemester durchgef\u00fchrt wird. Um das Praktikum im Winterhalbjahr ableisten zu k\u00f6nnen, muss eine Anmeldung beim Praktikumsamt&hellip;<\/p>\n","protected":false},"author":1,"featured_media":0,"parent":0,"menu_order":0,"comment_status":"closed","ping_status":"closed","template":"","meta":{"footnotes":""},"_links":{"self":[{"href":"http:\/\/lehre.thomasmichl.de\/index.php?rest_route=\/wp\/v2\/pages\/43"}],"collection":[{"href":"http:\/\/lehre.thomasmichl.de\/index.php?rest_route=\/wp\/v2\/pages"}],"about":[{"href":"http:\/\/lehre.thomasmichl.de\/index.php?rest_route=\/wp\/v2\/types\/page"}],"author":[{"embeddable":true,"href":"http:\/\/lehre.thomasmichl.de\/index.php?rest_route=\/wp\/v2\/users\/1"}],"replies":[{"embeddable":true,"href":"http:\/\/lehre.thomasmichl.de\/index.php?rest_route=%2Fwp%2Fv2%2Fcomments&post=43"}],"version-history":[{"count":30,"href":"http:\/\/lehre.thomasmichl.de\/index.php?rest_route=\/wp\/v2\/pages\/43\/revisions"}],"predecessor-version":[{"id":2713,"href":"http:\/\/lehre.thomasmichl.de\/index.php?rest_route=\/wp\/v2\/pages\/43\/revisions\/2713"}],"wp:attachment":[{"href":"http:\/\/lehre.thomasmichl.de\/index.php?rest_route=%2Fwp%2Fv2%2Fmedia&parent=43"}],"curies":[{"name":"wp","href":"https:\/\/api.w.org\/{rel}","templated":true}]}}

<p></p>



<p><strong>Allgemeine Informationen zum Seminar</strong></p>



<p>Dieses Seminar, das in den gültigen Studien- und Prüfungsordnungen die Bezeichnungen &#8222;Projektorientierte Unterrichtsplanung&#8220; (SPO 2013) und &#8222;Planung, Methodik und Praxis des Kunstunterrichts&#8220; (SPO 2021) trägt, bereitet auf das sog. Studienbegleitende Praktikum vor, das jeweils im Wintersemester durchgeführt wird. Um das Praktikum im Winterhalbjahr ableisten zu können, muss eine <a href="https://www.km.bayern.de/ministerium/institutionen/ministerialbeauftragte-gymnasium/mittelfranken/praktikumsamt.html">Anmeldung beim Praktikumsamt Mittelfranken</a> bis spätestens 15. April des jeweiligen Jahres erfolgen. Es wird empfohlen, dieses Praktikum zwischen dem dritten und dem neunten Semester abzuleisten.   <br>Das Studienbegleitende Praktikum wird in der Regel an mehreren Gymnasien in Nürnberg und Umgebung durchgeführt. Als Praktikumsschulen fungieren zur Zeit das <a href="https://www.labenwolf.de/start.html">Städtische Labenwolf Gymnasium Nürnberg</a>, das <a href="http://www.sigmund-schuckert-gymnasium.de/wordpress/">Sigmund-Schuckert-Gymnasium</a> Nürnberg-Eibach, das <a href="https://gym-wen.de/">Gymnasium Wendelstein</a> und das <a href="https://www.weg-schwabach.de/">Wolfram-von-Eschenbach-Gymnasium</a> Schwabach. </p>



<p>Anders als in den meisten Lehramtsstudiengängen anderer Fächer steht an der AdBK Nürnberg das eigene Unterrichten stark im Fokus. Die Studierenden führen den zugeteilten Kunstunterricht an der jeweiligen Schule (5. bis 10. Klassen) in Zweierteams von etwa Mitte Oktober bis Mitte Februar (ca. 12 bis 14 Doppelstunden) durch. Der Unterricht kann im Klassenverband, aber auch in thematisch orientierten Projektgruppen durchgeführt werden. Einen kleinen Eindruck über die entstandenen Projekte der letzten Jahre vermitteln die großen Abschlussausstellungen, die normalerweise im Februar/März in den Räumen der AdBK stattfinden oder online präsentiert werden  (z.B. <a href="https://www.flickr.com/photos/187668804@N02/">Praktikumsausstellung 2020</a> // <a href="http://praktikum2021.thomasmichl.de/">Praktikumsausstellung 2021</a>). Weitere Impressionen finden sich im <a href="https://adbk-fachdidaktik.tumblr.com/">Fachdidaktik-Blog</a>.</p>



<p>Im Vorbereitungsseminar steht für die Studierenden eine fundamentale Frage im Mittelpunkt: <em>Wie können künstlerische Praxis (das Künstlerische) und der Beruf der Kunstlehrer:in (das Pädagogische) zusammengebracht werden?</em><strong><em> </em></strong> <br>Der Kurs teilt sich grob in zwei Teile: Im ersten Part werden wichtige Grundlagen für das Unterrichten des Faches gelegt, indem beispielsweise ausgewählte Positionen der Kunstpädagogik erörtert, Grundeigenschaften und Phänomene des (Kunst-)Unterrichts herausgearbeitet und die Entwicklungspsychologie der Kindheit und des Jugendalters ausschnitthaft beleuchtet werden. Der zweite Teil widmet sich der konkreten Vorbereitung auf den Einsatz vor der Klasse. Neben der inhaltlichen Festlegung der jeweiligen Projektgruppe werden auch einzelne Unterrichtsstunden geplant. Ein eigens dafür eingerichtetes Blockseminar gegen Ende der Vorlesungszeit vertieft diese Unterrichtsvorbereitung. <br>Ein flankierendes Thema zu den pädagogischen Schwerpunktsetzungen ist stets die Integration der eigenen künstlerischen Arbeit.  </p>



<p><strong>Studienorganisatorische Hinweise</strong></p>



<p>Dieses Seminar wird nur jeweils im Sommersemester angeboten. Es ist ein Teilmodul von Fachdidaktik 1. <br>Mit der regelmäßigen Teilnahme und der Abfassung einer Hausarbeit, die benotet wird, ist die Prüfungsleistung  erbracht. <br><br>Weitere Informationen zu den Schulpraktika insgesamt und zum Studienbegleitenden Praktikum im Speziellen können in den <a href="https://www.gesetze-bayern.de/Content/Document/BayLPO_I-34">Bestimmungen der LPO I</a> nachgelesen werden.</p>



<p><a href="http://lehre.thomasmichl.de/?page_id=188#studienbegleitendes">Direktlink</a> in den passwortgeschützten Bereich &#8222;Projektorientierte Unterrichtsplanung&#8220;</p>

<p>Allgemeine Informationen zum Seminar Dieses Seminar, das in den gültigen Studien- und Prüfungsordnungen die Bezeichnungen &#8222;Projektorientierte Unterrichtsplanung&#8220; (SPO 2013) und &#8222;Planung, Methodik und Praxis des Kunstunterrichts&#8220; (SPO 2021) trägt, bereitet auf das sog. Studienbegleitende Praktikum vor, das jeweils im Wintersemester durchgeführt wird. Um das Praktikum im Winterhalbjahr ableisten zu können, muss eine Anmeldung beim Praktikumsamt&hellip;</p>
