{"id":46,"date":"2020-03-27T09:44:36","date_gmt":"2020-03-27T09:44:36","guid":{"rendered":"http:\/\/lehre.thomasmichl.de\/?page_id=46"},"modified":"2025-08-11T09:12:12","modified_gmt":"2025-08-11T09:12:12","slug":"paed-didakt-schulpraktikum-vorbereitung","status":"publish","type":"page","link":"http:\/\/lehre.thomasmichl.de\/?page_id=46","title":{"rendered":"P\u00e4d.-didakt. Schulpraktikum (Vorbereitung)"},"content":{"rendered":"\n<p><\/p>\n\n\n\n<p><strong>Allgemeine Informationen zum Seminar<\/strong> <\/p>\n\n\n\n<p>Dieser Kurs bereitet auf das erste Praktikum w\u00e4hrend des Studiums, das sog. P\u00e4dagogisch-didaktische Schulpraktikum vor. Dieses hat einen Umfang von ca. 160 Unterrichtsstunden und muss an einem \u00f6ffentlichen (d.h. staatlichen oder st\u00e4dtischen) oder staatlich anerkannten privaten Gymnasium abgeleistet werden. Zu Beginn des Schulpraktikums ist es notwendig, bei der Schule den Nachweis der erfolgreichen Ableistung des Orientierungspraktikums vorzulegen. Alle Informationen zu diesem Praktikum auch unter <a aria-label=\"LPO I Bayern (\u00f6ffnet in neuem Tab)\" href=\"https:\/\/www.gesetze-bayern.de\/Content\/Document\/BayLPO_I-34\" target=\"_blank\" rel=\"noreferrer noopener\">LPO I Bayern<\/a>.<br>Dieses vorbereitende Seminar gibt einen \u00dcberblick \u00fcber grundlegende Aspekte von Schule im Allgemeinen und des Gymnasiums im Speziellen. Ausgehend von der allgemeinen Schulp\u00e4dagogik wird der Bogen bis zur Kunstp\u00e4dagogik gespannt. Dabei wird u.a. besonderer Wert auf die Merkmale der Lehrperson und die Einflussfaktoren von Unterricht gelegt. <\/p>\n\n\n\n<p><strong>Studienorganisatorische Hinweise<\/strong><\/p>\n\n\n\n<p>Dieses Seminar ist auch f\u00fcr Studierende niedriger Semester oder der Nachqualifikation zum Einstieg in den fachdidaktischen Studienanteil geeignet. <br>Das p\u00e4dagogisch-didaktische Schulpraktikum wird normalerweise in den Semesterferien (\u00fcber einen Zeitraum von ca. 6 Wochen) absolviert, meistens im Fr\u00fchjahr, da durch die Schulsommerferien w\u00e4hrend der vorlesungsfreien Zeit im Sommer\/Herbst die erforderlichen Stunden an den Gymnasien nur schwer zu bew\u00e4ltigen sind. Jedoch kann das Praktikum auch \u00fcber das Semester verteilt durchgef\u00fchrt werden (z.B. ein Tag pro Woche). <br>Wenn das Praktikum in Mittelfranken abgelegt wird, muss direkt mit der Schule Kontakt aufgenommen werden. In anderen Regierungsbezirken erfolgt die Verteilung der Praktikumspl\u00e4tze teilweise zentral \u00fcber das jeweilige Praktikumsamt.  <\/p>\n\n\n\n<p>Direktlink in den <a href=\"http:\/\/lehre.thomasmichl.de\/?page_id=188#p%C3%A4dagogisch\">passwortgesch\u00fctzten Bereich &#8222;P\u00e4dagogisch-didaktisches Schulpraktikum &#8211; Vorbereitung&#8220;<\/a><br><\/p>\n","protected":false},"excerpt":{"rendered":"<p>Allgemeine Informationen zum Seminar Dieser Kurs bereitet auf das erste Praktikum w\u00e4hrend des Studiums, das sog. P\u00e4dagogisch-didaktische Schulpraktikum vor. Dieses hat einen Umfang von ca. 160 Unterrichtsstunden und muss an einem \u00f6ffentlichen (d.h. staatlichen oder st\u00e4dtischen) oder staatlich anerkannten privaten Gymnasium abgeleistet werden. Zu Beginn des Schulpraktikums ist es notwendig, bei der Schule den Nachweis&hellip;<\/p>\n","protected":false},"author":1,"featured_media":0,"parent":0,"menu_order":0,"comment_status":"closed","ping_status":"closed","template":"","meta":{"footnotes":""},"_links":{"self":[{"href":"http:\/\/lehre.thomasmichl.de\/index.php?rest_route=\/wp\/v2\/pages\/46"}],"collection":[{"href":"http:\/\/lehre.thomasmichl.de\/index.php?rest_route=\/wp\/v2\/pages"}],"about":[{"href":"http:\/\/lehre.thomasmichl.de\/index.php?rest_route=\/wp\/v2\/types\/page"}],"author":[{"embeddable":true,"href":"http:\/\/lehre.thomasmichl.de\/index.php?rest_route=\/wp\/v2\/users\/1"}],"replies":[{"embeddable":true,"href":"http:\/\/lehre.thomasmichl.de\/index.php?rest_route=%2Fwp%2Fv2%2Fcomments&post=46"}],"version-history":[{"count":12,"href":"http:\/\/lehre.thomasmichl.de\/index.php?rest_route=\/wp\/v2\/pages\/46\/revisions"}],"predecessor-version":[{"id":2626,"href":"http:\/\/lehre.thomasmichl.de\/index.php?rest_route=\/wp\/v2\/pages\/46\/revisions\/2626"}],"wp:attachment":[{"href":"http:\/\/lehre.thomasmichl.de\/index.php?rest_route=%2Fwp%2Fv2%2Fmedia&parent=46"}],"curies":[{"name":"wp","href":"https:\/\/api.w.org\/{rel}","templated":true}]}}

Päd.-didakt. Schulpraktikum (Vorbereitung)

<p></p>



<p><strong>Allgemeine Informationen zum Seminar</strong> </p>



<p>Dieser Kurs bereitet auf das erste Praktikum während des Studiums, das sog. Pädagogisch-didaktische Schulpraktikum vor. Dieses hat einen Umfang von ca. 160 Unterrichtsstunden und muss an einem öffentlichen (d.h. staatlichen oder städtischen) oder staatlich anerkannten privaten Gymnasium abgeleistet werden. Zu Beginn des Schulpraktikums ist es notwendig, bei der Schule den Nachweis der erfolgreichen Ableistung des Orientierungspraktikums vorzulegen. Alle Informationen zu diesem Praktikum auch unter <a aria-label="LPO I Bayern (öffnet in neuem Tab)" href="https://www.gesetze-bayern.de/Content/Document/BayLPO_I-34" target="_blank" rel="noreferrer noopener">LPO I Bayern</a>.<br>Dieses vorbereitende Seminar gibt einen Überblick über grundlegende Aspekte von Schule im Allgemeinen und des Gymnasiums im Speziellen. Ausgehend von der allgemeinen Schulpädagogik wird der Bogen bis zur Kunstpädagogik gespannt. Dabei wird u.a. besonderer Wert auf die Merkmale der Lehrperson und die Einflussfaktoren von Unterricht gelegt. </p>



<p><strong>Studienorganisatorische Hinweise</strong></p>



<p>Dieses Seminar ist auch für Studierende niedriger Semester oder der Nachqualifikation zum Einstieg in den fachdidaktischen Studienanteil geeignet. <br>Das pädagogisch-didaktische Schulpraktikum wird normalerweise in den Semesterferien (über einen Zeitraum von ca. 6 Wochen) absolviert, meistens im Frühjahr, da durch die Schulsommerferien während der vorlesungsfreien Zeit im Sommer/Herbst die erforderlichen Stunden an den Gymnasien nur schwer zu bewältigen sind. Jedoch kann das Praktikum auch über das Semester verteilt durchgeführt werden (z.B. ein Tag pro Woche). <br>Wenn das Praktikum in Mittelfranken abgelegt wird, muss direkt mit der Schule Kontakt aufgenommen werden. In anderen Regierungsbezirken erfolgt die Verteilung der Praktikumsplätze teilweise zentral über das jeweilige Praktikumsamt.  </p>



<p>Direktlink in den <a href="http://lehre.thomasmichl.de/?page_id=188#p%C3%A4dagogisch">passwortgeschützten Bereich &#8222;Pädagogisch-didaktisches Schulpraktikum &#8211; Vorbereitung&#8220;</a><br></p>

<p>Allgemeine Informationen zum Seminar Dieser Kurs bereitet auf das erste Praktikum während des Studiums, das sog. Pädagogisch-didaktische Schulpraktikum vor. Dieses hat einen Umfang von ca. 160 Unterrichtsstunden und muss an einem öffentlichen (d.h. staatlichen oder städtischen) oder staatlich anerkannten privaten Gymnasium abgeleistet werden. Zu Beginn des Schulpraktikums ist es notwendig, bei der Schule den Nachweis&hellip;</p>
